greatest common divisor of i and 343?
49
Let f(a) = -a**3 + 18*a**2 - 14*a + 47. Suppose t = -4*i + 7*i - 47, 4*i - 4*t = 52. Let v be f(i). What is the highest common divisor of v and 56?
14
Suppose 2995 = 19*x + 50. Let l(c) = -91*c**3 - c**2 - 5*c - 2. Let m be l(-1). What is the greatest common factor of m and x?
31
Let c(j) = j**3 - 10*j**2 + 19*j + 6. Let z be 2*8/((-4)/(-2)). Let x be c(z). Let b = -147 + 217. What is the greatest common factor of b and x?
10
Suppose 5879 - 6761 = 27*m - 76*m. Calculate the highest common factor of m and 6522.
6
Suppose 0 = 5*a - v - 13602, 5*a - 215*v = -210*v + 13610. What is the greatest common factor of 5 and a?
5
Suppose -4*g = w + 1184 + 108, 3*g + 969 = 3*w. Let y = g - -623. Calculate the highest common divisor of 90 and y.
30
Suppose 0 = 5*f - 333 - 117. Let s be 2*(-4 - 25/(-2)) + 1. What is the highest common factor of f and s?
18
Let i(m) = 177*m**2 + 260*m - 261. Let a be i(1). Calculate the greatest common divisor of a and 308.
44
Let j(w) = -16*w - 110. Let q be 0 - -1*(-20 + 0). Let k be j(q). What is the highest common factor of 30 and k?
30
Let v(f) = -f**3 + 14*f**2 + 75*f + 435. Let o be v(19). Let s be 2/(-3) + 32/3. What is the highest common factor of o and s?
5
Let t = -35 - -38. Suppose 2*m = -2*u - 10, -u + 2 = t. Let s be 2/m + -21*(-2)/12. Calculate the highest common divisor of s and 12.
3
Suppose 0 = 3*o - u - 59, 9*o - 42 = 5*o - 6*u. Suppose -3*p = 5*t - 938, -1400 = -4*p + 3*t - 188. Calculate the highest common factor of p and o.
18
Let v(i) = -4*i**2 + 3*i + 5. Let p be v(-4). Let w = 117 + p. Suppose -4*m + 70 = -w. Calculate the highest common divisor of 145 and m.
29
Let w be 162 - 2/3*30/20. Suppose 2*a = 19 + w. Calculate the greatest common divisor of 10 and a.
10
Let o = -131 - -157. Let m = 89 + -11. Calculate the greatest common divisor of m and o.
26
Suppose -6*p + 3*p + 2028 = 0. Suppose -241 = 5*j - p. What is the highest common divisor of 145 and j?
29
Let j(a) = 14*a + 51. Let u(r) = -7*r - 26. Let w(c) = 4*j(c) + 9*u(c). Let h be w(-6). What is the highest common factor of 780 and h?
12
Suppose -3*x + y - 296 = 0, y + 0 + 1 = 0. Let q be (-1975)/(-10) - 9/(-6). Let g = q + x. Calculate the greatest common divisor of g and 40.
20
Let o(t) = t**2 - 10*t + 17. Let x be o(6). Let z be x/((-105)/276) - (-4)/(-10). What is the highest common factor of z and 171?
9
Let i = -173 - -381. Let j = 22 + i. What is the highest common divisor of j and 20?
10
Suppose 17*d - 136 = 68. Suppose -d*c + 46 = -14. Let r = 51 + 4. What is the highest common divisor of r and c?
5
Suppose 3*s = 7*s - 160. Suppose 0 = -17*j + 2674 + 386. Let t = j + -175. What is the greatest common factor of s and t?
5
Let t = -352 + 726. Suppose 3*b - 5*b + 44 = -5*y, 0 = -55*y + 60*y. Calculate the highest common divisor of b and t.
22
Let q = -2 + 5. Suppose -93*c = -108*c + 41580. Let v be 2/3*c/56. What is the highest common factor of v and q?
3
Suppose 3*a = 24 + 24. Let v = 430 + -420. Suppose -25*h = -v*h - 240. Calculate the highest common divisor of a and h.
16
Let j(n) = n**3 + 24*n**2 - 13*n + 62. Let x be j(-24). Suppose -x + 514 = 4*h. Calculate the greatest common divisor of 595 and h.
35
Suppose 8 = 2*v, -5*h - 3*v + 14 = -13. Let o be 45 - 5/10*(-16)/2. Suppose -h*r - 19 + o = 0. What is the highest common divisor of r and 5?
5
Let u be 21/35 + 234/10. Suppose 7*l - u*l = -1836. What is the greatest common factor of l and 180?
36
Suppose -7322 - 653 = -29*h. What is the greatest common factor of 880 and h?
55
Let o(t) = -96*t - 1486. Let z be o(-19). What is the highest common factor of 2 and z?
2
Suppose 3*q + 5*a - 20450 = 0, 14*q - 34108 = 9*q + 4*a. What is the highest common factor of q and 31?
31
Suppose -a + 2*m = 1, -2*a + 27 - 4 = m. Suppose 4*f = -p + a, -4*f = -3*p - 6*f + 47. What is the greatest common divisor of p and 68?
17
Suppose 4*r = -12, 4*r - 2 + 9 = -c. Suppose -13*k + 54 = c*k. Suppose -11*l = k*l - 294. Calculate the highest common factor of 21 and l.
21
Suppose 4*q = 12*i - 8*i - 344, -3*i + 268 = -q. What is the highest common factor of i and 559?
13
Suppose 0 = 8*f - 4*f - w - 36, 0 = -3*f - 5*w + 4. Suppose 204 = f*r - 396. Calculate the greatest common factor of 30 and r.
15
Let b(w) = -12*w + 74. Let k be b(11). Let y = 61 + k. Suppose 40 = y*n - 2*n. Calculate the highest common divisor of n and 100.
20
Let m(v) = 0 - 9*v**2 + 4 + 4 - 7*v - v**3. Let j be m(-8). Let k = j - -20. What is the highest common factor of k and 8?
4
Let u(z) = 785*z**2 + 20*z + 21. Let q be u(-1). Suppose 5*a = 159 + q. Calculate the greatest common factor of 81 and a.
27
Let w = 566 + 107. Let q = w + -374. Calculate the greatest common divisor of q and 23.
23
Let a = -35 + 44. Suppose 10 = -7*q + a*q. Calculate the greatest common divisor of 160 and q.
5
Suppose u = 4*o, -u - 9*o + 6*o = 0. Suppose 3*d - 221 - 334 = u. Calculate the highest common factor of 37 and d.
37
Let d(j) = 6*j + 70. Let l be d(-11). Suppose 0 = -9*z + l*z - 3*q + 1116, -2*z = -5*q - 434. What is the greatest common divisor of z and 6?
6
Let y = -18 - -20. Suppose 0 = -y*u + 45 + 59. Suppose 2*b - u = -2*b. What is the greatest common factor of 104 and b?
13
Let u be ((-303)/4)/(36/384*-8). Calculate the highest common divisor of u and 808.
101
Let x = 3 - -1. Suppose x*y - 20 = -y. Suppose o - y*o = -135. What is the highest common divisor of o and 9?
9
Suppose 101*r + 54 = 104*r. Let y be (r - 3 - 3)*(-5 + 24). Calculate the greatest common factor of 12 and y.
12
Let s = -684 - 3. Let g = s + 757. Suppose -5*b - 4*h + 44 + 26 = 0, 2*b + 4*h = 40. What is the greatest common factor of b and g?
10
Suppose -4*w - 50*w + 17184 - 336 = 0. Calculate the highest common factor of w and 195.
39
Let r = -3053 + 3098. Calculate the highest common factor of r and 235.
5
Let m = -8014 + 8133. What is the highest common factor of m and 259?
7
Suppose 2*c + 6 = -2*h, -1 = 3*h - 3*c - 22. Calculate the highest common factor of h and 13.
1
Let v = 88 - 85. Let r be 12/(-8) + v - 6/(-4). Suppose r*h - 25 = 20. Calculate the greatest common factor of 35 and h.
5
Let v be (-18 - -28)*(-60)/(-12). What is the greatest common factor of v and 775?
25
Let b(p) = 411*p - 1009. Let s be b(3). Calculate the highest common factor of s and 280.
56
Let q(h) = -69*h - 22. Suppose -2*d - 2*o = 10, 3*d + 4*o = -7 - 11. Let i be q(d). What is the highest common divisor of 203 and i?
29
Suppose 281*c + 289068 = 320*c. Calculate the highest common divisor of 272 and c.
68
Let i = 10 + 23. Let x be (-7 + 15 - 5)/(4/(-16)*-4). Calculate the highest common factor of x and i.
3
Let r = 188 - -157. Suppose v + 3*c = r, -5*v + 0*v - 2*c + 1738 = 0. What is the highest common factor of 29 and v?
29
Let n(h) = h**2 - 24*h - 25. Let r be n(29). Let f(m) = 5*m**2 - 2*m**2 + m - m**2 + 4. Let q be f(4). What is the greatest common divisor of q and r?
40
Let f(r) = 14*r + 7. Let h be f(6). Let i be 15*(4 - (-44)/(-20)). Suppose -i - 12 = -3*t. What is the highest common factor of t and h?
13
Let s = -148 - -152. Let l(h) = 7*h - 2. Let j(x) = 6*x - 2. Let y(u) = -4*j(u) + 5*l(u). Let k be y(s). Calculate the greatest common factor of k and 28.
14
Let g be (-2*324/45)/(-2*3/20). What is the greatest common factor of 10704 and g?
48
Let g(q) = 9*q**2 + 586*q - 58. Let l be g(-78). Calculate the greatest common divisor of 435 and l.
145
Let d be 130 + (0 - 0)/(-2). Suppose 3*o = 4 + 2. Let w(i) = 61*i - 96. Let a be w(o). What is the greatest common divisor of a and d?
26
Suppose 0 = 5*m - 4*k + 4227, 2*m + 209 + 1487 = -k. Let w = m - -1603. What is the highest common divisor of 63 and w?
63
Let o(k) = 2*k**2 + 7*k + 7. Suppose 0*u - 25 = 5*u. Let d be o(u). Let g be 68 - 65 - (1 - 0). What is the greatest common divisor of g and d?
2
Suppose 3*b - 15*z - 544 = -13*z, z + 542 = 3*b. Calculate the highest common factor of b and 2250.
90
Let d = 18313 - -5564. Calculate the greatest common divisor of d and 21.
21
Suppose 1548*q - 32718 = 771*q + 758*q. What is the greatest common divisor of 420 and q?
42
Suppose 3*s + 2*u + 109 = 184, 5*s - 147 = 4*u. What is the greatest common factor of 1143 and s?
9
Let b = 46 + 17. Let m = 545 + -545. 